What is the remainder when 8 is divided by 7?
1
Calculate the remainder when 95 is divided by 30.
5
Calculate the remainder when 193 is divided by 15.
13
Calculate the remainder when 271 is divided by 260.
11
What is the remainder when 185 is divided by 66?
53
Calculate the remainder when 18047 is divided by 188.
187
What is the remainder when 173 is divided by 25?
23
Calculate the remainder when 1090 is divided by 45.
10
Calculate the remainder when 482 is divided by 93.
17
Calculate the remainder when 236 is divided by 41.
31
What is the remainder when 256 is divided by 113?
30
What is the remainder when 202 is divided by 52?
46
Calculate the remainder when 2576 is divided by 60.
56
Calculate the remainder when 139 is divided by 56.
27
Calculate the remainder when 611 is divided by 49.
23
Calculate the remainder when 351 is divided by 44.
43
Calculate the remainder when 2266 is divided by 14.
12
Calculate the remainder when 93 is divided by 36.
21
What is the remainder when 2698 is divided by 108?
106
Calculate the remainder when 1059 is divided by 211.
4
Calculate the remainder when 2132 is divided by 22.
20
What is the remainder when 265 is divided by 95?
75
What is the remainder when 305 is divided by 28?
25
What is the remainder when 720 is divided by 56?
48
Calculate the remainder when 117 is divided by 10.
7
What is the remainder when 75 is divided by 41?
34
Calculate the remainder when 88 is divided by 12.
4
Calculate the remainder when 136 is divided by 131.
5
What is the remainder when 400 is divided by 31?
28
Calculate the remainder when 750 is divided by 32.
14
What is the remainder when 10844 is divided by 374?
372
Calculate the remainder when 221 is divided by 69.
14
What is the remainder when 76 is divided by 45?
31
What is the remainder when 270 is divided by 126?
18
Calculate the remainder when 394 is divided by 102.
88
What is the remainder when 2052 is divided by 13?
11
What is the remainder when 37 is divided by 8?
5
What is the remainder when 527 is divided by 237?
53
What is the remainder when 234 is divided by 66?
36
Calculate the remainder when 2472 is divided by 9.
6
What is the remainder when 1731 is divided by 570?
21
Calculate the remainder when 4883 is divided by 47.
42
Calculate the remainder when 261 is divided by 207.
54
What is the remainder when 521 is divided by 181?
159
Calculate the remainder when 129 is divided by 26.
25
What is the remainder when 68 is divided by 29?
10
Calculate the remainder when 29 is divided by 3.
2
What is the remainder when 308 is divided by 48?
20
What is the remainder when 1217 is divided by 1216?
1
Calculate the remainder when 779 is divided by 65.
64
What is the remainder when 5775 is divided by 107?
104
What is the remainder when 665 is divided by 67?
62
Calculate the remainder when 2566 is divided by 22.
14
Calculate the remainder when 187 is divided by 49.
40
Calculate the remainder when 5375 is divided by 158.
3
Calculate the remainder when 265 is divided by 26.
5
Calculate the remainder when 755 is divided by 751.
4
Calculate the remainder when 194 is divided by 65.
64
What is the remainder when 3658 is divided by 61?
59
Calculate the remainder when 28 is divided by 20.
8
Calculate the remainder when 64 is divided by 35.
29
Calculate the remainder when 974 is divided by 127.
85
Calculate the remainder when 378 is divided by 188.
2
Calculate the remainder when 418 is divided by 53.
47
Calculate the remainder when 606 is divided by 533.
73
Calculate the remainder when 15958 is divided by 57.
55
What is the remainder when 1582 is divided by 24?
22
Calculate the remainder when 1419 is divided by 21.
12
What is the remainder when 331 is divided by 163?
5
What is the remainder when 1310 is divided by 106?
38
What is the remainder when 601 is divided by 86?
85
What is the remainder when 7544 is divided by 1885?
4
What is the remainder when 66 is divided by 17?
15
What is the remainder when 680 is divided by 24?
8
What is the remainder when 506 is divided by 444?
62
What is the remainder when 418 is divided by 106?
100
Calculate the remainder when 756 is divided by 372.
12
What is the remainder when 106 is divided by 27?
25
What is the remainder when 736 is divided by 284?
168
Calculate the remainder when 48 is divided by 26.
22
What is the remainder when 1230 is divided by 11?
9
What is the remainder when 268 is divided by 33?
4
Calculate the remainder when 174 is divided by 60.
54
What is the remainder when 1320 is divided by 340?
300
What is the remainder when 27 is divided by 7?
6
Calculate the remainder when 273 is divided by 25.
23
Calculate the remainder when 104 is divided by 18.
14
Calculate the remainder when 134 is divided by 34.
32
Calculate the remainder when 296 is divided by 60.
56
Calculate the remainder when 1671 is divided by 460.
291
Calculate the remainder when 588 is divided by 125.
88
What is the remainder when 1510 is divided by 27?
25
What is the remainder when 67363 is divided by 13?
10
What is the remainder when 361 is divided by 54?
37
Calculate the remainder when 185 is divided by 15.
5
Calculate the remainder when 1565 is divided by 14.
11
Calculate the remainder when 268 is divided by 62.
20
Calculate the remainder when 209 is divided by 58.
35
What is the remainder when 69 is divided by 42?
27
What is the remainder when 212 is divided by 184?
28
Calculate the remainder when 679 is divided by 167.
11
What is the remainder when 594 is divided by 36?
18
Calculate the remainder when 295 is divided by 9.
7
What is the remainder when 241 is divided by 29?
9
What is the remainder when 1290 is divided by 1271?
19
Calculate the remainder when 108 is divided by 10.
8
Calculate the remainder when 85 is divided by 49.
36
What is the remainder when 3335 is divided by 12?
11
What is the remainder when 267 is divided by 46?
37
What is the remainder when 5635 is divided by 47?
42
What is the remainder when 245 is divided by 171?
74
Calculate the remainder when 4716 is divided by 13.
10
What is the remainder when 222 is divided by 8?
6
Calculate the remainder when 785 is divided by 122.
53
What is the remainder when 169 is divided by 165?
4
Calculate the remainder when 395 is divided by 90.
35
What is the remainder when 516 is divided by 7?
5
Calculate the remainder when 265 is divided by 30.
25
Calculate the remainder when 1574 is divided by 25.
24
What is the remainder when 335 is divided by 14?
13
Calculate the remainder when 172 is divided by 64.
44
What is the remainder when 3090 is divided by 68?
30
Calculate the remainder when 557 is divided by 43.
41
What is the remainder when 469 is divided by 47?
46
Calculate the remainder when 331 is divided by 81.
7
What is the remainder when 4929 is divided by 145?
144
Calculate the remainder when 55 is divided by 5.
0
Calculate the remainder when 191 is divided by 56.
23
What is the remainder when 178 is divided by 11?
2
What is the remainder when 458 is divided by 22?
18
What is the remainder when 1055 is divided by 176?
175
Calculate the remainder when 7789 is divided by 28.
5
What is the remainder when 318 is divided by 50?
18
Calculate the remainder when 206 is divided by 55.
41
Calculate the remainder when 408 is divided by 69.
63
What is the remainder when 3419 is divided by 142?
11
Calculate the remainder when 2254 is divided by 31.
22
What is the remainder when 1987 is divided by 39?
37
What is the remainder when 857 is divided by 26?
25
Calculate the remainder when 176 is divided by 45.
41
Calculate the remainder when 848 is divided by 9.
2
Calculate the remainder when 817 is divided by 41.
38
What is the remainder when 455 is divided by 19?
18
Calculate the remainder when 49 is divided by 4.
1
Calculate the remainder when 1819 is divided by 590.
49
Calculate the remainder when 597 is divided by 196.
9
Calculate the remainder when 910 is divided by 61.
56
What is the remainder when 33459 is divided by 20?
19
What is the remainder when 2123 is divided by 58?
35
What is the remainder when 25 is divided by 16?
9
What is the remainder when 188 is divided by 8?
4
Calculate the remainder when 112 is divided by 39.
34
What is the remainder when 214 is divided by 18?
16
What is the remainder when 40 is divided by 